[INFO] fetching crate multican 0.6.0-beta.1...
[INFO] checking multican-0.6.0-beta.1 against try#72f88fc4e9458f89516a0b8b0868f3718aec5b47 for pr-74989
[INFO] extracting crate multican 0.6.0-beta.1 into /workspace/builds/worker-8/source
[INFO] validating manifest of crates.io crate multican 0.6.0-beta.1 on toolchain 72f88fc4e9458f89516a0b8b0868f3718aec5b47
[INFO] running `Command { std: "/workspace/cargo-home/bin/cargo" "+72f88fc4e9458f89516a0b8b0868f3718aec5b47" "read-manifest" "--manifest-path" "Cargo.toml", kill_on_drop: false }`
[INFO] started tweaking crates.io crate multican 0.6.0-beta.1
[INFO] finished tweaking crates.io crate multican 0.6.0-beta.1
[INFO] tweaked toml for crates.io crate multican 0.6.0-beta.1 written to /workspace/builds/worker-8/source/Cargo.toml
[INFO] crate crates.io crate multican 0.6.0-beta.1 already has a lockfile, it will not be regenerated
[INFO] running `Command { std: "/workspace/cargo-home/bin/cargo" "+72f88fc4e9458f89516a0b8b0868f3718aec5b47" "fetch" "--locked" "--manifest-path" "Cargo.toml", kill_on_drop: false }`
[INFO] [stderr]  Downloading crates ...
[INFO] [stderr]   Downloaded pcan-basic-sys v0.2.0
[INFO] running `Command { std: "docker" "create" "-v" "/var/lib/crater-agent-workspace/builds/worker-8/target:/opt/rustwide/target:rw,Z" "-v" "/var/lib/crater-agent-workspace/builds/worker-8/source:/opt/rustwide/workdir:ro,Z" "-v" "/var/lib/crater-agent-workspace/cargo-home:/opt/rustwide/cargo-home:ro,Z" "-v" "/var/lib/crater-agent-workspace/rustup-home:/opt/rustwide/rustup-home:ro,Z" "-e" "SOURCE_DIR=/opt/rustwide/workdir" "-e" "CARGO_TARGET_DIR=/opt/rustwide/target" "-e" "CARGO_HOME=/opt/rustwide/cargo-home" "-e" "RUSTUP_HOME=/opt/rustwide/rustup-home" "-w" "/opt/rustwide/workdir" "-m" "1610612736" "--user" "0:0" "--network" "none" "rustops/crates-build-env@sha256:d92eaeed33fa75130ca1ee6c8a01d1ffb62bac859dfdfb3450e3e5d1c0146529" "/opt/rustwide/cargo-home/bin/cargo" "+72f88fc4e9458f89516a0b8b0868f3718aec5b47" "metadata" "--no-deps" "--format-version=1", kill_on_drop: false }`
[INFO] [stdout] bbbe0935d497256c5a5e4263a86c0401e478437cd8bdb85a809a801b8a637ed8
[INFO] [stderr] WARNING: Your kernel does not support swap limit capabilities or the cgroup is not mounted. Memory limited without swap.
[INFO] running `Command { std: "docker" "start" "-a" "bbbe0935d497256c5a5e4263a86c0401e478437cd8bdb85a809a801b8a637ed8", kill_on_drop: false }`
[INFO] running `Command { std: "docker" "inspect" "bbbe0935d497256c5a5e4263a86c0401e478437cd8bdb85a809a801b8a637ed8", kill_on_drop: false }`
[INFO] running `Command { std: "docker" "rm" "-f" "bbbe0935d497256c5a5e4263a86c0401e478437cd8bdb85a809a801b8a637ed8", kill_on_drop: false }`
[INFO] [stdout] bbbe0935d497256c5a5e4263a86c0401e478437cd8bdb85a809a801b8a637ed8
[INFO] running `Command { std: "docker" "create" "-v" "/var/lib/crater-agent-workspace/builds/worker-8/target:/opt/rustwide/target:rw,Z" "-v" "/var/lib/crater-agent-workspace/builds/worker-8/source:/opt/rustwide/workdir:ro,Z" "-v" "/var/lib/crater-agent-workspace/cargo-home:/opt/rustwide/cargo-home:ro,Z" "-v" "/var/lib/crater-agent-workspace/rustup-home:/opt/rustwide/rustup-home:ro,Z" "-e" "SOURCE_DIR=/opt/rustwide/workdir" "-e" "CARGO_TARGET_DIR=/opt/rustwide/target" "-e" "CARGO_INCREMENTAL=0" "-e" "RUST_BACKTRACE=full" "-e" "RUSTFLAGS=--cap-lints=forbid" "-e" "CARGO_HOME=/opt/rustwide/cargo-home" "-e" "RUSTUP_HOME=/opt/rustwide/rustup-home" "-w" "/opt/rustwide/workdir" "-m" "1610612736" "--user" "0:0" "--network" "none" "rustops/crates-build-env@sha256:d92eaeed33fa75130ca1ee6c8a01d1ffb62bac859dfdfb3450e3e5d1c0146529" "/opt/rustwide/cargo-home/bin/cargo" "+72f88fc4e9458f89516a0b8b0868f3718aec5b47" "check" "--frozen" "--all" "--all-targets" "--message-format=json", kill_on_drop: false }`
[INFO] [stderr] WARNING: Your kernel does not support swap limit capabilities or the cgroup is not mounted. Memory limited without swap.
[INFO] [stdout] 40f73b83a544a21ea59c67b2a965e5de25954e901eabd1d4b6fc47ffcb7f63ac
[INFO] running `Command { std: "docker" "start" "-a" "40f73b83a544a21ea59c67b2a965e5de25954e901eabd1d4b6fc47ffcb7f63ac", kill_on_drop: false }`
[INFO] [stderr]    Compiling libc v0.2.64
[INFO] [stderr]    Compiling log v0.4.8
[INFO] [stderr]     Checking cfg-if v0.1.10
[INFO] [stderr]    Compiling syn v1.0.30
[INFO] [stderr]     Checking bitflags v0.4.0
[INFO] [stderr]    Compiling serde v1.0.101
[INFO] [stderr]     Checking lazy_static v1.4.0
[INFO] [stderr]     Checking quick-error v1.2.3
[INFO] [stderr]     Checking hex v0.2.0
[INFO] [stderr]     Checking itertools v0.4.19
[INFO] [stderr]     Checking termcolor v1.1.0
[INFO] [stderr]     Checking aho-corasick v0.7.10
[INFO] [stderr]    Compiling proc-macro2 v1.0.18
[INFO] [stderr]     Checking thread_local v1.0.1
[INFO] [stderr]     Checking humantime v1.3.0
[INFO] [stderr]    Compiling quote v1.0.2
[INFO] [stderr]     Checking regex v1.3.9
[INFO] [stderr]     Checking nix v0.5.1
[INFO] [stderr]     Checking socket2 v0.3.11
[INFO] [stderr]     Checking atty v0.2.13
[INFO] [stderr]     Checking env_logger v0.7.1
[INFO] [stderr]     Checking socketcan v1.7.0
[INFO] [stderr]    Compiling serde_derive v1.0.111
[INFO] [stderr]     Checking multican v0.6.0-beta.1 (/opt/rustwide/workdir)
[INFO] [stdout] error[E0433]: failed to resolve: use of undeclared type or module `tokio`
[INFO] [stdout]  --> examples/async_log.rs:3:5
[INFO] [stdout]   |
[INFO] [stdout] 3 | use tokio::stream::StreamExt;
[INFO] [stdout]   |     ^^^^^ use of undeclared type or module `tokio`
[INFO] [stdout] 
[INFO] [stdout] 
[INFO] [stdout] error[E0433]: failed to resolve: use of undeclared type or module `tokio`
[INFO] [stdout]  --> examples/async_log.rs:5:3
[INFO] [stdout]   |
[INFO] [stdout] 5 | #[tokio::main]
[INFO] [stdout]   |   ^^^^^ use of undeclared type or module `tokio`
[INFO] [stdout] 
[INFO] [stdout] 
[INFO] [stdout] error[E0425]: cannot find function `from_config_async` in crate `multican`
[INFO] [stdout]   --> examples/async_log.rs:14:33
[INFO] [stdout]    |
[INFO] [stdout] 14 |     let mut network = multican::from_config_async(cfg);
[INFO] [stdout]    |                                 ^^^^^^^^^^^^^^^^^ not found in `multican`
[INFO] [stdout] 
[INFO] [stdout] 
[INFO] [stdout] error[E0277]: `main` has invalid return type `impl Future`
[INFO] [stdout]  --> examples/async_log.rs:6:20
[INFO] [stdout]   |
[INFO] [stdout] 6 | async fn main() -> Result<(), Box<dyn Error>> {
[INFO] [stdout]   |                    ^^^^^^^^^^^^^^^^^^^^^^^^^^ `main` can only return types that implement `Termination`
[INFO] [stdout]   |
[INFO] [stdout]   = help: consider using `()`, or a `Result`
[INFO] [stdout] 
[INFO] [stdout] 
[INFO] [stdout] error[E0752]: `main` function is not allowed to be `async`
[INFO] [stdout]  --> examples/async_log.rs:6:1
[INFO] [stdout]   |
[INFO] [stdout] 6 | async fn main() -> Result<(), Box<dyn Error>> {
[INFO] [stdout]   | ^^^^^^^^^^^^^^^^^^^^^^^^^^^^^^^^^^^^^^^^^^^^^ `main` function is not allowed to be `async`
[INFO] [stdout] 
[INFO] [stdout] 
[INFO] [stdout] error: aborting due to 5 previous errors
[INFO] [stdout] 
[INFO] [stdout] 
[INFO] [stdout] Some errors have detailed explanations: E0277, E0425, E0433, E0752.
[INFO] [stdout] 
[INFO] [stdout] For more information about an error, try `rustc --explain E0277`.
[INFO] [stdout] 
[INFO] [stderr] error: could not compile `multican`.
[INFO] [stderr] 
[INFO] [stderr] To learn more, run the command again with --verbose.
[INFO] running `Command { std: "docker" "inspect" "40f73b83a544a21ea59c67b2a965e5de25954e901eabd1d4b6fc47ffcb7f63ac", kill_on_drop: false }`
[INFO] running `Command { std: "docker" "rm" "-f" "40f73b83a544a21ea59c67b2a965e5de25954e901eabd1d4b6fc47ffcb7f63ac", kill_on_drop: false }`
[INFO] [stdout] 40f73b83a544a21ea59c67b2a965e5de25954e901eabd1d4b6fc47ffcb7f63ac
